In base 11, what is a5 + -20?
85
In base 14, what is 2c - 1?
2b
In base 16, what is -2d - 6f?
-9c
In base 12, what is 1b + -5?
16
In base 11, what is -336 + 9?
-328
In base 3, what is -2 - -111220?
111211
In base 9, what is -27 - 78?
-116
In base 5, what is -101 + -330?
-431
In base 6, what is 11 - 43?
-32
In base 16, what is -a8 + -5?
-ad
In base 3, what is -201001210 - 10?
-201001220
In base 7, what is 3046 + 3?
3052
In base 9, what is -212 - -3?
-208
In base 4, what is -302 + -3?
-311
In base 6, what is -3 + -241?
-244
In base 6, what is -121114 + 4?
-121110
In base 15, what is -1b50 - 0?
-1b50
In base 4, what is -13311 + -33?
-20010
In base 8, what is -10 - -3?
-5
In base 16, what is -6 - -15?
f
In base 3, what is -11 + -21121?
-21202
In base 16, what is -120 + -5?
-125
In base 4, what is 0 - -102032?
102032
In base 16, what is -90 + -5?
-95
In base 12, what is 2 - -57?
59
In base 7, what is -163 - 0?
-163
In base 3, what is 1011020 + -102?
1010211
In base 14, what is -14c - -25?
-127
In base 9, what is -806 - 8?
-815
In base 3, what is -100 + 11201?
11101
In base 8, what is 313 - 3?
310
In base 2, what is -1 + -101?
-110
In base 11, what is 2 + 250?
252
In base 5, what is -1 + 1003?
1002
In base 13, what is 3 + 1c?
22
In base 4, what is -120110 - 10?
-120120
In base 15, what is bb + -3?
b8
In base 4, what is 103132 - -2?
103200
In base 14, what is -4 - 10db?
-1101
In base 10, what is -41 + 26?
-15
In base 3, what is -21210 + 2122?
-12011
In base 10, what is -4 + -17?
-21
In base 13, what is -17a + 5?
-175
In base 16, what is 3 + 26?
29
In base 13, what is 2aa - 28?
282
In base 5, what is -1 + -1312?
-1313
In base 4, what is -122 - -2?
-120
In base 7, what is 5 - -236?
244
In base 10, what is -169 + -3?
-172
In base 16, what is -27c - -26?
-256
In base 16, what is -1 - 155?
-156
In base 5, what is 34 - -4?
43
In base 5, what is 204 + -303?
-44
In base 14, what is -3 - 14?
-17
In base 14, what is -89 + -8?
-93
In base 16, what is e + -e?
0
In base 2, what is -1100100110 + 1000?
-1100011110
In base 11, what is 4 + 49?
52
In base 14, what is 32c7 + -5?
32c2
In base 4, what is -10 + -10202?
-10212
In base 8, what is 747 + 4?
753
In base 8, what is 3 - 1616?
-1613
In base 4, what is -332 - 2201?
-3133
In base 6, what is -23 - -10?
-13
In base 6, what is 2 - -125?
131
In base 14, what is -4 + -18?
-1c
In base 5, what is -11 - 40?
-101
In base 13, what is ac + 3?
b2
In base 4, what is -11 + -103030?
-103101
In base 11, what is 9a - -49?
138
In base 11, what is -871 + 2?
-86a
In base 5, what is -10 + -102?
-112
In base 8, what is 0 + -6350?
-6350
In base 16, what is 0 - -12?
12
In base 10, what is -8 - -1359?
1351
In base 7, what is -4 - 30?
-34
In base 10, what is 2 - 75?
-73
In base 4, what is -122 + -303?
-1031
In base 13, what is 656 - -1?
657
In base 7, what is 0 + 111?
111
In base 5, what is 2 + 4120?
4122
In base 8, what is -2757 + -5?
-2764
In base 13, what is 2 - -a4?
a6
In base 8, what is 51 + -1?
50
In base 7, what is -10 - -6?
-1
In base 13, what is 27 - 7?
20
In base 2, what is 10100 - -1000?
11100
In base 11, what is -2173 + -2?
-2175
In base 7, what is -5 + 23?
15
In base 13, what is 15 - 42?
-2a
In base 7, what is 0 + 14634?
14634
In base 9, what is 2075 + -11?
2064
In base 2, what is -10 + -1011001111?
-1011010001
In base 9, what is -4 - 1567?
-1572
In base 9, what is 358 + 32?
401
In base 8, what is -212 + 17?
-173
In base 2, what is -10001101100 - -101?
-10001100111
In base 10, what is -5 + 1036?
1031
In base 15, what is 9 - -67?
71
In base 2, what is -11100001 - 10?
-11100011
In base 9, what is 4 + 2816?
2821
In base 10, what is 653 + -3?
650
In base 7, what is 2 - -1?
3
In base 9, what is 0 - -445?
445
In base 7, what is 1 + 45?
46
In base 6, what is 10 - -3022?
3032
In base 3, what is -1011 + 12?
-222
In base 3, what is 111002 - 1000?
110002
In base 11, what is -5 - 191?
-196
In base 9, what is -121 + 16?
-104
In base 14, what is 2 + 843?
845
In base 16, what is 13 + 50?
63
In base 7, what is 31 - 4?
24
In base 6, what is 4 + -12420?
-12412
In base 8, what is -21 + -3622?
-3643
In base 15, what is 31 - -3?
34
In base 9, what is 4144 + -5?
4138
In base 16, what is -1 + -2e8?
-2e9
In base 13, what is 198 - 17?
181
In base 6, what is 4313 + -21?
4252
In base 7, what is 4 + -3040?
-3033
In base 15, what is -1e - 17d?
-19c
In base 3, what is 1011 + -12?
222
In base 10, what is -81 - 2?
-83
In base 13, what is -16a + -1?
-16b
In base 12, what is -818 - -9?
-80b
In base 8, what is -5 + 76?
71
In base 13, what is -23 + 3?
-20
In base 8, what is 6 + -4?
2
In base 9, what is 4374 - 4?
4370
In base 12, what is 1 + -16?
-15
In base 14, what is 112 + 4?
116
In base 4, what is 2122211 + 10?
2122221
In base 11, what is -5 + -78?
-82
In base 3, what is -1111 + 22001?
20120
In base 5, what is -4 + 202?
143
In base 13, what is 3 - b93?
-b90
In base 9, what is -82 - 42?
-134
In base 5, what is -1311 - 3?
-1314
In base 15, what is -3 - 2e0?
-2e3
In base 12, what is -1 - -27?
26
In base 5, what is -10 - -10013?
10003
In base 2, what is -1010110 + 1?
-1010101
In base 2, what is -1101 - -1?
-1100
In base 14, what is a + 16?
22
In base 15, what is -5 + 8?
3
In base 16, what is -5 - 59b?
-5a0
In base 13, what is -4651 + 3?
-464b
In base 16, what is -4 + 41?
3d
In base 10, what is -67 - 29?
-96
In base 3, what is 10 - -11110?
11120
In base 16, what is 2 - -28?
2a
In base 2, what is 101000 + 11011100?
100000100
In base 2, what is 10111000001 + 1001?
10111001010
In base 13, what is ca + 3?
100
In base 4, what is -12 - -311?
233
In base 15, what is -1 + 3b2?
3b1
In base 2, what is 11010011001 - -110?
11010011111
In base 6, what is -3 - 11?
-14
In base 14, what is -20b + 7?
-204
In base 15, what is 46 - 2a?
1b
In base 15, what is 29e - -5?
2a4
In base 6, what is 5 - -1231?
1240
In base 9, what is -1102 - 4?
-1106
In base 4, what is 0 + 1102?
1102
In base 12, what is -15 - a01?
-a16
In base 15, what is 5 - 1ab?
-1a6
In base 2, what is -1 - 10011?
-10100
In base 11, what is -6 - -16a?
164
In base 16, what is 17 - 11?
6
In base 15, what is 2 + -41?
-3e
In base 9, what is -1 + 6?
5
In base 16, what is -d4 - -4?
-d0
In base 9, what is -3478 - 4?
-3483
In base 2, what is -1 + 1000000?
111111
In base 3, what is -101221120 + 11?
-101221102
In base 14, what is -935 + 2?
-933
In base 4, what is -31201 - 2?
-31203
In base 8, what is -22 + -24?
-46
In base 5, what is -122 + 24?
-43
In base 10, what is 21719 + 0?
21719
In base 13, what is 119 - 0?
119
In base 7, what is -21 - 221?
-242
In base 3, what is 101 + -11?
20
In base 9, what is 67 - -1?
68
In base 12, what is 3b - 15?
26
In base 2, what is 11110100 + 1?
11110101
In base 16, what is -45 - d?
-52
In base 7, what is -1000 + -5?
-1005
In base 8, what is -2553 + 4?
-2547
In base 13, what is a5 - 4?
a1
In base 16, what is c - -42?
4e
In base 4, what is -120200 + 10?
-120130
In base 16, what is 4 - -22c?
230
In base 9, what is 5785 + -5?
5780
In base 7, what is -22200 + 5?
-22162
In base 16, what is -e1 - 5?
-e6
In base 14, what is 4 + -89?
-85
In base 10, what is -5 - 45?
-50
In base 7, what is -113 - 0?
-113
In base 5, what is -30 + -10?
-40
In base 5, what is -10 + 31432?
31422
In base 3, what is 11 + 11022122?
11022210
In base 13, what is -47 + -4?
-4b
In base 3, what is -12 + -201020?
-201102
In base 12, what is a - -9?
17
In base 5, what is -203121 + 4?
-203112
In base 3, what is -2120 + 1?
-2112
In base 6, what is 154531 - 1?
154530
In base 7, what is -3 - -1016?
1013
In base 13, what is 0 - -1?
1
In base 13, what is -22 + 156?
134
In base 15, what is -4 - dd?
-e2
In base 2, what is 1110100000 - 10?
1110011110
In base 11, what is 182 + 2?
184
In base 8, what is -123 - 0?
-123
In base 9, what is -4 + 34?
30
In base 11, what is 345 - 9?
337
In base 7, what is -230 + 5?
-222
In base 15, what is -4 - d3?
-d7
In base 16, what is d - -10b?
118
In base 8, what is 313 + -11?
302
In base 2, what is 10010 - 11?
1111
In base 16, what is 3be1 + -4?
3bdd
In base 11, what is -a + a2?
93
In base 9, what is 3 + -213?
-210
In base 5, what is -203033 - 0?
-203033
In base 10, what is 52 + -9?
43
In base 3, what is 1 + -212120?
-212112
In base 7, what is -13510 - -3?
-13504
In base 9, what is 1 + -6?
-5
In base 11, what is 